 -21, 3*k + 4*f = -21 - 12. Let m = 1 - k. What is the units digit of m?
6
Suppose 2*r = 3*h + 19, 5*h - 2*h = -r - 13. Suppose -5*p - r = -37. What is the units digit of p?
7
Let x be 1/(-2)*(2 + -12). Suppose -w - 4*i + 28 = 0, -4*i - 90 = -x*w + i. What is the tens digit of w?
2
Let k(x) = -2*x + 0*x**2 + 0*x**2 - x**2 - 5*x. Let y be k(-8). Let p(s) = -s**2 - 9*s + 5. What is the tens digit of p(y)?
1
Suppose 7*a - 4*a - 58 = q, 5*q - 67 = -2*a. What is the units digit of a?
1
Suppose -25 = 5*b, 2*f + 4*b + 4 + 10 = 0. What is the units digit of f?
3
Let r = 42 - 18. What is the tens digit of r?
2
Let y(g) = -g**3 + 8*g**2 - 6*g + 4. What is the units digit of y(6)?
0
Let f = 6 + -4. Suppose -14 = -t + 4*h + 8, -f*t + 31 = 5*h. What is the tens digit of t?
1
Let x(g) be the third derivative of g**6/120 - 2*g**5/15 - 7*g**4/24 + 6*g**2. What is the tens digit of x(9)?
1
Suppose -3*g = -0*g + 15, -5*g = -p + 281. What is the tens digit of p?
5
Suppose -4 = o - 2*o. Suppose o*n + 0*n - 18 = -5*v, -4*n = -5*v + 2. Suppose -v*d + 31 = 5*h, 3*h - h + d - 13 = 0. What is the units digit of h?
5
Let p be -37*(-5 - -3)/2. Suppose h + p = 3*r + 6*h, 3*h = -4*r + 42. Let w = r + 1. What is the tens digit of w?
1
Let s(o) = -4*o**2 + 6*o - 6. Let v = -1 + 4. Let a(y) = y**2 + 1. Let f(n) = v*a(n) + s(n). What is the units digit of f(3)?
6
Suppose -5*q - 288 = -q. What is the units digit of q/4*(-2)/4?
9
Let s = 18 + -13. Let o be 1/5 + (-32)/10. Let u = o + s. What is the units digit of u?
2
Let q = 8 + -3. Let h(g) = 37*g. Let m be h(1). Suppose -43 = -q*y + m. What is the tens digit of y?
1
Let d = 7 + -3. Let r be d/14 - 304/(-14). Suppose -a + r = a. What is the tens digit of a?
1
Let d(r) = 2*r**2 - 3*r + 4. What is the units digit of d(3)?
3
Let a = 370 + -256. What is the units digit of a?
4
Let n = -136 + 276. What is the units digit of n?
0
Let x = 88 + -21. What is the units digit of x?
7
Let i = 67 - 1. Suppose 0 = -5*x + i + 19. Suppose 2*p + x = 6*p + n, 0 = -3*p + n + 18. What is the units digit of p?
5
Suppose 0 = -5*m - 26 - 9. Let f = -5 - m. What is the units digit of -1*-2*(1 + f)?
6
Let q = 6 + -6. Let s be (q + 1)/(2/18). What is the tens digit of 96/s + (-2)/(-6)?
1
Let s = 85 + -9. What is the units digit of s?
6
What is the hundreds digit of 2/7 + 19266/91?
2
Suppose 2*g - 4*g = 0. Suppose j = 3*d - 78, 130 = 5*d + j - g*j. What is the tens digit of d?
2
Let h = -4 + 4. Suppose h*l = -5*l + 95. What is the units digit of l?
9
Suppose 1766 = 2*b - 2896. What is the tens digit of b/81 - 2/(-9)?
2
Let p(k) = 6*k**2 + k + 1. Let c be p(-1). Let h = c + -10. Let u = 8 + h. What is the units digit of u?
4
Let j(p) = -15*p - 28. What is the tens digit of j(-3)?
1
Let v(b) = 3*b**3 - 4*b**2 - b + 1. What is the tens digit of v(3)?
4
What is the units digit of (-140)/3*(1 + (-66)/12)?
0
Let z(f) = -f - 18. Let t be z(-12). Let b(n) = n**3 + 8*n**2 + 8*n - 2. What is the tens digit of b(t)?
2
Let p(s) be the third derivative of s**6/120 + s**5/60 + s**4/24 + 7*s**3/6 + 5*s**2. What is the units digit of p(0)?
7
Suppose -u = 5*s - 57, 0*u + 2*s - 48 = -u. What is the tens digit of u?
4
What is the units digit of 62 - (8 + (-4)/1)?
8
Let j(f) = -f**2 - 9. Let s be j(0). Let u be 6/27 + (-385)/s. Suppose 2*q - 18 = 2*x, -x - 2*x = 2*q - u. What is the tens digit of q?
1
Suppose y + 203 + 36 = 4*n, 2*n + 4*y = 124. What is the units digit of n?
0
Suppose -2*j = -5*j + 9. Suppose -d + 3*q = 2, j*d + 0 = 4*q + 9. What is the units digit of d?
7
Suppose 5*a = -d - 0*d + 34, 0 = -4*d - 3*a + 153. What is the tens digit of d?
3
Let z = 16 - 10. Suppose 0 = -v + z*v - 80. What is the units digit of v?
6
Let b(c) = -c**2 - 18*c - 3. What is the tens digit of b(-10)?
7
Let p = -2 + 2. Let n be (2 - p)*2/1. Suppose 1 = -m + 2, t - 8 = n*m. What is the units digit of t?
2
Suppose -4 = -a - 2*h + 10, 0 = -3*a + 4*h + 92. Suppose 0 = -0*y + y - 39. Suppose q = 4*w - y, w + 4*q - a = -3*w. What is the units digit of w?
9
What is the units digit of (81/4 + -2)/((-1)/(-4))?
3
Let v = -3 - -7. Suppose -v*o + 15 = -o. What is the units digit of o?
5
Let f(u) = -2*u + 29. What is the units digit of f(0)?
9
Suppose -7 = 4*x - 5*s - 532, 4*x - s = 537. What is the tens digit of x?
3
Suppose -54 = -z - 5*v, 3*z = 2*v + 134 + 28. What is the units digit of z?
4
Let f(n) = -n**2 + 7*n - 5. Let q(t) = 3*t - 6. Let r be q(4). Let p be f(r). Let w = 5 - p. What is the units digit of w?
4
Suppose -6*m + 3*m = -6. Suppose -5*s - 41 + 11 = m*x, -s = 2*x + 38. Let b = -13 - x. What is the units digit of b?
7
Let g be 76/(-13) - (-2)/(-13). What is the tens digit of 12 - 3/g*4?
1
Let u = 11 + -26. What is the tens digit of (u/4)/((-18)/48)?
1
Let v be 2/(-9) - (-2)/9. Let h(j) = 3*j + 1 + v*j + 3*j - 2*j. What is the units digit of h(2)?
9
Suppose 3*g - 98 + 23 = 0. What is the tens digit of g?
2
Let z be -3*5*(-4)/10. What is the units digit of (3/z)/((-2)/(-4))?
1
Let n = 99 - -12. What is the tens digit of n?
1
Suppose 20 = -5*s + 10*s. Suppose -20 = -s*i + 3*v + 89, -4*i + 134 = 2*v. What is the tens digit of i?
3
Let d be (-6)/21 + (-32)/(-14). Let q be d/(-4) + (-100)/(-8). Suppose 2*l = 20 + q. What is the units digit of l?
6
Let w = 86 + 56. What is the units digit of w?
2
Let y(w) be the second derivative of w**4/12 - 11*w**3/6 + 7*w**2/2 + 3*w. Let l = -19 + 30. What is the units digit of y(l)?
7
Let t = -30 - -44. Suppose 5*r - 71 - t = 0. What is the units digit of r?
7
What is the tens digit of (-8)/12*-28*(-171)/(-12)?
6
What is the tens digit of (-6)/27 + (-796)/(-18)?
4
Let s be (-3)/15 + (-312)/(-10). Let g(u) = -u + 13. Let v be g(12). Suppose 5*h - 6 = 5*k - s, k + v = -h. What is the units digit of k?
2
Let s(w) = w**3 - w**2 - 6*w - 7. Let t = 3 - -2. Let x be s(t). What is the tens digit of (-10)/(-25) + x/5?
1
Let m(d) = -d. Let x = 6 - 4. Suppose 6*l + 27 = -x*n + l, 4*n - 2*l - 6 = 0. What is the units digit of m(n)?
1
Suppose l = -4*f + 52, -6*l + l - 16 = -3*f. Suppose -2*m - m = -f. What is the units digit of m?
4
Suppose -5*n + s + 8 = -s, 2*s = n. Let d(j) = -4*j**n - 3 + 7 + 7*j + 10*j**2 + j**3. What is the units digit of d(-4)?
8
Let s(y) = -y**3 + 5*y**2 + 8*y + 1. What is the tens digit of s(6)?
1
Let c(p) = -6*p**3 - p**2 + 3*p + 3. Let f be c(-2). Suppose 2*m - 3*m = -2*n + f, 5*m = 3*n - 79. What is the tens digit of n?
1
Suppose -5 = -s + 8. Let a = s - -7. What is the units digit of (-5)/a - (-41)/4?
0
Suppose p + 6 + 12 = -3*w, 25 = -5*p - 2*w. What is the tens digit of p + 20 - (-1 + 0)?
1
Let t be 9/15 - 177/(-5). Suppose 0 = 2*x - 4*v - 66, 3*x - t = x - 2*v. What is the tens digit of x?
2
Suppose -s - 18 = -55. What is the tens digit of s?
3
What is the units digit of (2176/40 + 6)/((-2)/(-10))?
2
Let s(j) = 1. Let x(i) = -7*i + 2. Let a(g) = -2*s(g) - x(g). What is the units digit of a(4)?
4
Suppose 0 = -5*x + 17 - 77. Let h = 56 + x. What is the tens digit of h?
4
Let g(h) = -h**3 - 3*h**2 + 2*h. Let r be g(-4). Let c be 1/(0 + 1/4). Suppose 3*t - c*t + r = 0. What is the units digit of t?
8
Let v(u) = -28*u + 1. Let i be v(-1). Let h be (41/5)/(14/70). Suppose -h = -5*n + i. What is the tens digit of n?
1
Let y(o) = -1 + 3 + 1 - o - o. What is the units digit of y(-4)?
1
Suppose 0 = -5*h - 56 - 34. Let k be (-1)/(21/h - -1). Suppose 4*n - n = k. What is the units digit of n?
2
Suppose 5*t + 0*t - 2*q = -3, 9 = -4*t - 5*q. Let d be -7 - (4 + t)/(-3). Let p = d + 8. What is the units digit of p?
2
Suppose -2*m = -0*m - 6, 5*m - 18 = t. Let i(j) = -2*j**3 - 4*j**2 - 1. What is the tens digit of i(t)?
1
Let p(c) = -5 + 5*c**2 - 4*c**2 + 2*c + 4*c. Let u be p(-7). Suppose -r = -u*r + 1. What is the units digit of r?
1
Let n be 46 + (1 - -1 - 1). Let v(o) = 5*o**3 + o**2 - 1. Let z be v(1). Suppose 3*g + z*k = 21, -4*g + 13 = -4*k - n. What is the tens digit of g?
1
Suppose -939 = -5*r - 84. What is the units digit of r?
1
Let x = -7 + 4. Let q(t) = -3*t - 4. What is the units digit of q(x)?
5
Suppose 0*p + 4*p - 2008 = -2*d, 4*p - 2*d = 1992. Suppose a - p = -4*a. Suppose v + v + 3*q - 43 = 0, -5*q + a = 5*v. What is the tens digit of v?
1
Let a = -2 - -4. Let l be (24/(-10))/(a/(-10)). Let g = 24 - l. What is the tens digit